{"id":29832,"date":"2026-01-27T02:05:50","date_gmt":"2026-01-27T02:05:50","guid":{"rendered":"https:\/\/paenparaguay.com.py\/index\/index.php\/producto\/caja-10-piramites-te-verde-con-jengibre-y-limon\/"},"modified":"2026-01-27T03:43:12","modified_gmt":"2026-01-27T03:43:12","slug":"caja-10-piramites-te-verde-con-jengibre-y-limon","status":"publish","type":"product","link":"https:\/\/paenparaguay.com.py\/index\/index.php\/producto\/caja-10-piramites-te-verde-con-jengibre-y-limon\/","title":{"rendered":"CAJA 10 PIRAMIT\u00c9S T\u00c9 VERDE CON JENGIBRE Y LIM\u00d3N"},"content":{"rendered":"<p>INFUSIONES<\/p>\n<p>CAJA 10 PIRAMIT\u00c9S CON FUNDA &#8211; SABORES<\/p>\n<div>\n<p>UNIDAD DE MEDIDA: 20<\/p>\n<\/div>\n","protected":false},"excerpt":{"rendered":"<p>INFUSIONES CAJA 10 PIRAMIT\u00c9S CON FUNDA &#8211; SABORES UNIDAD DE MEDIDA: 20<\/p>\n","protected":false},"featured_media":29848,"comment_status":"closed","ping_status":"closed","template":"","meta":[],"product_brand":[312],"product_cat":[311],"product_tag":[],"class_list":{"0":"post-29832","1":"product","2":"type-product","3":"status-publish","4":"has-post-thumbnail","6":"product_brand-la-barraca","7":"product_cat-infusiones-gourmet","9":"first","10":"instock","11":"product-type-simple"},"_links":{"self":[{"href":"https:\/\/paenparaguay.com.py\/index\/index.php\/wp-json\/wp\/v2\/product\/29832","targetHints":{"allow":["GET"]}}],"collection":[{"href":"https:\/\/paenparaguay.com.py\/index\/index.php\/wp-json\/wp\/v2\/product"}],"about":[{"href":"https:\/\/paenparaguay.com.py\/index\/index.php\/wp-json\/wp\/v2\/types\/product"}],"replies":[{"embeddable":true,"href":"https:\/\/paenparaguay.com.py\/index\/index.php\/wp-json\/wp\/v2\/comments?post=29832"}],"version-history":[{"count":3,"href":"https:\/\/paenparaguay.com.py\/index\/index.php\/wp-json\/wp\/v2\/product\/29832\/revisions"}],"predecessor-version":[{"id":29850,"href":"https:\/\/paenparaguay.com.py\/index\/index.php\/wp-json\/wp\/v2\/product\/29832\/revisions\/29850"}],"wp:featuredmedia":[{"embeddable":true,"href":"https:\/\/paenparaguay.com.py\/index\/index.php\/wp-json\/wp\/v2\/media\/29848"}],"wp:attachment":[{"href":"https:\/\/paenparaguay.com.py\/index\/index.php\/wp-json\/wp\/v2\/media?parent=29832"}],"wp:term":[{"taxonomy":"product_brand","embeddable":true,"href":"https:\/\/paenparaguay.com.py\/index\/index.php\/wp-json\/wp\/v2\/product_brand?post=29832"},{"taxonomy":"product_cat","embeddable":true,"href":"https:\/\/paenparaguay.com.py\/index\/index.php\/wp-json\/wp\/v2\/product_cat?post=29832"},{"taxonomy":"product_tag","embeddable":true,"href":"https:\/\/paenparaguay.com.py\/index\/index.php\/wp-json\/wp\/v2\/product_tag?post=29832"}],"curies":[{"name":"wp","href":"https:\/\/api.w.org\/{rel}","templated":true}]}}